{"id":8516,"date":"2018-11-30T06:49:24","date_gmt":"2018-11-30T06:49:24","guid":{"rendered":"http:\/\/localhost\/projects\/solar\/?page_id=8516"},"modified":"2026-04-13T16:25:28","modified_gmt":"2026-04-13T12:25:28","slug":"about-us-1","status":"publish","type":"page","link":"https:\/\/adpuagcabedi.edu.az\/?page_id=8516","title":{"rendered":"F\u0130L\u0130AL"},"content":{"rendered":"<p>[vc_row][vc_column][vc_empty_space][vc_column_text]<span style=\"color: #000000;\">Az\u0259rbaycan D\u00f6vl\u0259t Pedaqoji Universitetinin A\u011fcab\u0259di filial\u0131 z\u0259ngin v\u0259 ke\u015fm\u0259ke\u015fli h\u0259yat yolu ke\u00e7mi\u015fdir. M\u00fcxt\u0259lif vaxtlarda ad\u0131 d\u0259yi\u015fils\u0259 d\u0259, \u0259slind\u0259 bu g\u00fcn Az\u0259rbaycan D\u00f6vl\u0259t Pedaqoji Universitetinin A\u011fcab\u0259di filial\u0131 kimi f\u0259aliyy\u0259t g\u00f6st\u0259r\u0259n bu t\u0259hsil oca\u011f\u0131n\u0131n yaranma tarixi 1969-cu il\u0259 gedib \u00e7\u0131x\u0131r (Sovet Az\u0259rbaycan\u0131n\u0131n 60 illiyi ad\u0131na Stepanakert Pedaqoji \u0130nstitutu, bundan sonra Xank\u0259ndi Pedaqoji \u0130nstitutu).\u00a0 Qeyd ed\u0259k ki, 70-ci ill\u0259rd\u0259 \u00f6lk\u0259y\u0259 r\u0259hb\u0259rlik ed\u0259n Ulu \u00d6nd\u0259rimiz Heyd\u0259r \u018fliyev t\u0259r\u0259find\u0259n 1973-c\u00fc il 28 noyabr tarixli q\u0259rara \u0259sas\u0259n Xank\u0259ndi Pedaqoji \u0130nstitutu t\u0259\u015fkil olunmu\u015f v\u0259 20 il\u0259 yax\u0131n bir d\u00f6vrd\u0259 Xank\u0259ndid\u0259 f\u0259aliyy\u0259t g\u00f6st\u0259rmi\u015fdir. M\u0259lum s\u0259b\u0259bl\u0259r \u00fcz\u00fcnd\u0259n 1988-ci ilin 16 may tarixind\u0259 \u0130nstitutun Az\u0259rbaycan \u015f\u00f6b\u0259si m\u00fc\u0259llim v\u0259 t\u0259l\u0259b\u0259l\u0259ri il\u0259 birlikd\u0259 erm\u0259ni da\u015fnaklar\u0131 t\u0259r\u0259find\u0259n Xank\u0259ndid\u0259n qovulmu\u015fdur. Pedaqoji kollektiv m\u00fcv\u0259qq\u0259ti olaraq \u015eu\u015fa \u015f\u0259h\u0259rind\u0259 m\u0259skunla\u015fm\u0131\u015f, 1988-ci ilin 6 iyununda Xank\u0259ndi Pedaqoji \u0130nstitutunun Az\u0259rbaycan \u015f\u00f6b\u0259si M. \u018fzizb\u0259yov ad\u0131na \u015eu\u015fa m\u0259d\u0259ni-maarif texnikumunun t\u0259dris v\u0259 yataqxana binas\u0131nda yerl\u0259\u015fdirilmi\u015fdir. Bundan sonra T\u0259hsil Nazirliyinin 18 oktyabr 1988-ci il tarixli q\u0259rar\u0131na \u0259sas\u0259n,\u00a0 Xank\u0259ndi Pedaqoji \u0130nstitutunun Az\u0259rbaycan \u015f\u00f6b\u0259si G\u0259nc\u0259 D\u00f6vl\u0259t Pedaqoji \u0130nstitutuna birl\u0259\u015fdirilmi\u015fdir. 1200 n\u0259f\u0259r t\u0259l\u0259b\u0259 v\u0259 100 n\u0259f\u0259rlik professor-m\u00fc\u0259llim hey\u0259ti 1988-ci ilin 22-25 noyabr tarixl\u0259rind\u0259 G\u0259nc\u0259 \u015f\u0259h\u0259rin\u0259 g\u0259tirilmi\u015fdiir.<\/span><\/p>\n<p><span style=\"color: #000000;\">1989-cu ilin 25 oktyabr\u0131nda pedaqoji kollektiv yenid\u0259n \u015eu\u015faya qay\u0131tm\u0131\u015fd\u0131r. 15 g\u00fcn sonra Respublikan\u0131n T\u0259hsil Nazirliyi ke\u00e7mi\u015f Xank\u0259ndi Pedaqoji \u0130nstitutunun Az\u0259rbaycan \u015f\u00f6b\u0259sinin V.\u0130.Lenin ad\u0131na Az\u0259rbaycan Pedaqoji \u0130nstitutunun \u015eu\u015fa fak\u00fclt\u0259si kimi f\u0259aliyy\u0259t g\u00f6st\u0259rm\u0259sin\u0259 raz\u0131l\u0131q vermi\u015fdir (ke\u00e7mi\u015f nazir Misir M\u0259rdanov v\u0259 Az\u0259rbaycan Pedaqoji \u0130nstitutunun rektoru, prof. S.R.Aslanovun 15 noyabr 1989-cu il tarixli, 3\/636 sayl\u0131 \u0259mrin\u0259 \u0259sas\u0259n \u015eu\u015fa fakult\u0259si f\u0259aliyy\u0259t\u0259 ba\u015flay\u0131r). Lakin pedaqoji kollektiv \u015eu\u015faya qay\u0131tsa da, h\u0259min ill\u0259rd\u0259 b\u00f6y\u00fck m\u0259rhumiyy\u0259tl\u0259r ya\u015fam\u0131\u015f, t\u0259l\u0259b\u0259 v\u0259 m\u00fc\u0259lliml\u0259rin \u0259n f\u0259allar\u0131 m\u00fcxt\u0259lif t\u0259\u015fkilatlar\u0131n t\u0259qibin\u0259 m\u0259ruz qalaraq g\u00f6z\u00fcm\u00e7\u0131xd\u0131ya sal\u0131nm\u0131\u015flar. Bu qurum t\u0259xmin\u0259n bir il iki ay\u00a0 sonra &#8211; 22\u00a0 fevral 1991-ci il tarixli, 116 sayl\u0131 \u0259mr\u0259 \u0259sas\u0259n\u00a0 N. Nusi ad\u0131na Az\u0259rbaycan D\u00f6vl\u0259t Pedaqoji Universitetinin \u015eu\u015fa filial\u0131 kimi f\u0259aliyy\u0259t g\u00f6st\u0259rm\u0259y\u0259 ba\u015flam\u0131\u015fd\u0131r. Lakin erm\u0259nil\u0259rin m\u0259qs\u0259dli \u015f\u0259kild\u0259 t\u00f6r\u0259tdiyi qiyam n\u0259tic\u0259sind\u0259 filial\u0131n \u00f6z f\u0259aliyy\u0259tini \u015eu\u015fada davam etdirm\u0259si m\u00fcmk\u00fcn olmam\u0131\u015fd\u0131r. N. Tusi ad\u0131na Az\u0259rbaycan D\u00f6vl\u0259t Pedaqoji Universitetinin \u015eu\u015fa filial\u0131 m\u00fcv\u0259qq\u0259ti olaraq Aran Qaraba\u011fa \u2013 A\u011fcab\u0259diy\u0259 k\u00f6\u00e7\u00fcr\u00fclm\u00fc\u015fd\u00fcr. 2000-ci il\u0259 q\u0259d\u0259r f\u0259aliyy\u0259t g\u00f6st\u0259r\u0259n Az\u0259rbaycan D\u00f6vl\u0259t Pedaqoji Universitetinin \u015eu\u015fa filial\u0131 h\u0259min ill\u0259r \u0259rzind\u0259 y\u00fcks\u0259k ixtisasl\u0131 kadrlar\u0131n haz\u0131rlanmas\u0131 i\u015find\u0259 b\u00f6y\u00fck \u0259m\u0259k s\u0259rf etmi\u015fdir. 2000-ci ild\u0259n\u00a0 Az\u0259rbaycan D\u00f6vl\u0259t Pedaqoji Universitetinin \u015eu\u015fa filial\u0131\u00a0 l\u0259\u011fv edilmi\u015f v\u0259 onun bazas\u0131 \u0259sas\u0131nda Az\u0259rbaycan M\u00fc\u0259lliml\u0259r \u0130nstitutunun A\u011fcab\u0259di filial\u0131 yarad\u0131lm\u0131\u015fd\u0131r. N\u0259hay\u0259t, 2015\/2016-c\u0131 t\u0259dris ilind\u0259n Az\u0259rbaycan M\u00fc\u0259lliml\u0259r \u0130nstitutu l\u0259\u011fv olundu\u011fundan filial\u0131m\u0131z Az\u0259rbaycan D\u00f6vl\u0259t Pedaqoji Universitetinin A\u011fcab\u0259di filial\u0131 kimi f\u0259aliyy\u0259t g\u00f6st\u0259rm\u0259y\u0259 ba\u015flam\u0131\u015fd\u0131r.<\/span><\/p>\n<p><span style=\"color: #000000;\">Filialda bir fak\u00fclt\u0259 &#8211; Pedaqoji v\u0259 d\u00f6rd kafedra \u2013 \u201cFizika, riyaziyyat, informatika v\u0259 onlar\u0131n t\u0259drisi texnologiyas\u0131\u201d, \u201c\u0130ctimai, t\u0259bi\u0259t f\u0259nl\u0259ri v\u0259 onlar\u0131n t\u0259drisi texnologiyas\u0131\u201d, \u201cDill\u0259r, \u0259d\u0259biyyat v\u0259 onlar\u0131n t\u0259drisi texnologiyas\u0131\u201d\u00a0 , \u201cPedaqogika, psixologiya v\u0259 onlar\u0131n t\u0259drisi texnologiyas\u0131\u201d kafedralar\u0131 f\u0259aliyy\u0259t g\u00f6st\u0259rir.<\/span><\/p>\n<p><span style=\"color: #000000;\">\u00a0Filialda\u00a0 \u201cM\u0259kt\u0259b\u0259q\u0259d\u0259r t\u0259hsil\u201d, \u201c\u0130btidai sinif m\u00fc\u0259llimliyi\u201d, \u201cRiyaziyyat v\u0259 informatika m\u00fc\u0259llimliyi\u201d, \u201cRiyaziyyat m\u00fc\u0259llimliyi\u201d, \u201cFizika m\u00fc\u0259llimliyi\u201d, \u201cTarix m\u00fc\u0259llimliyi\u201d, \u201cTarix v\u0259 co\u011frafiya m\u00fc\u0259llimliyi\u201d, \u201cAz\u0259rbaycan dili v\u0259 \u0259d\u0259biyyat\u0131 m\u00fc\u0259llimliyi\u201d, \u201cXarici dil m\u00fc\u0259llimliyi (ingilis dili \u00fczr\u0259)\u201d, \u201cT\u0259hsild\u0259 sosial-psixoloji xidm\u0259t\u201d \u201cSosial i\u015f\u201d ixtisaslar\u0131 \u00fczr\u0259 995 n\u0259f\u0259r t\u0259l\u0259b\u0259nin kadr haz\u0131rl\u0131\u011f\u0131 h\u0259yata ke\u00e7irilir.<\/span>[\/vc_column_text][vc_empty_space][\/vc_column][\/vc_row]<\/p>\n","protected":false},"excerpt":{"rendered":"<p>[vc_row][vc_column][vc_empty_space][vc_column_text]Az\u0259rbaycan D\u00f6vl\u0259t Pedaqoji Universitetinin A\u011fcab\u0259di filial\u0131 z\u0259ngin v\u0259 ke\u015fm\u0259ke\u015fli h\u0259yat yolu ke\u00e7mi\u015fdir. M\u00fcxt\u0259lif vaxtlarda ad\u0131 d\u0259yi\u015fils\u0259 d\u0259, \u0259slind\u0259 bu g\u00fcn Az\u0259rbaycan D\u00f6vl\u0259t Pedaqoji Universitetinin A\u011fcab\u0259di filial\u0131 kimi f\u0259aliyy\u0259t g\u00f6st\u0259r\u0259n bu t\u0259hsil oca\u011f\u0131n\u0131n yaranma tarixi 1969-cu il\u0259 gedib \u00e7\u0131x\u0131r (Sovet Az\u0259rbaycan\u0131n\u0131n 60 illiyi ad\u0131na Stepanakert Pedaqoji \u0130nstitutu, bundan sonra Xank\u0259ndi Pedaqoji \u0130nstitutu).\u00a0 Qeyd ed\u0259k ki, 70-ci [&hellip;]<\/p>\n","protected":false},"author":1,"featured_media":0,"parent":0,"menu_order":4,"comment_status":"closed","ping_status":"closed","template":"","meta":{"_acf_changed":false,"footnotes":""},"class_list":["post-8516","page","type-page","status-publish","hentry"],"acf":[],"_links":{"self":[{"href":"https:\/\/adpuagcabedi.edu.az\/index.php?rest_route=\/wp\/v2\/pages\/8516","targetHints":{"allow":["GET"]}}],"collection":[{"href":"https:\/\/adpuagcabedi.edu.az\/index.php?rest_route=\/wp\/v2\/pages"}],"about":[{"href":"https:\/\/adpuagcabedi.edu.az\/index.php?rest_route=\/wp\/v2\/types\/page"}],"author":[{"embeddable":true,"href":"https:\/\/adpuagcabedi.edu.az\/index.php?rest_route=\/wp\/v2\/users\/1"}],"replies":[{"embeddable":true,"href":"https:\/\/adpuagcabedi.edu.az\/index.php?rest_route=%2Fwp%2Fv2%2Fcomments&post=8516"}],"version-history":[{"count":12,"href":"https:\/\/adpuagcabedi.edu.az\/index.php?rest_route=\/wp\/v2\/pages\/8516\/revisions"}],"predecessor-version":[{"id":17502,"href":"https:\/\/adpuagcabedi.edu.az\/index.php?rest_route=\/wp\/v2\/pages\/8516\/revisions\/17502"}],"wp:attachment":[{"href":"https:\/\/adpuagcabedi.edu.az\/index.php?rest_route=%2Fwp%2Fv2%2Fmedia&parent=8516"}],"curies":[{"name":"wp","href":"https:\/\/api.w.org\/{rel}","templated":true}]}}