{"id":13136,"date":"2023-01-18T16:30:26","date_gmt":"2023-01-18T12:30:26","guid":{"rendered":"https:\/\/adpuagcabedi.edu.az\/?page_id=13136"},"modified":"2026-04-18T13:45:12","modified_gmt":"2026-04-18T09:45:12","slug":"t%c9%99l%c9%99b%c9%99-v%c9%99-m%c9%99zununlarla-is-sob%c9%99si","status":"publish","type":"page","link":"https:\/\/adpuagcabedi.edu.az\/?page_id=13136","title":{"rendered":"T\u0259l\u0259b\u0259l\u0259r\u0259 akademik xidm\u0259t v\u0259 m\u0259zunlarla i\u015f \u015f\u00f6b\u0259si"},"content":{"rendered":"<p>[vc_row][vc_column][vc_column_text]<span style=\"color: #000000;\">T\u0259l\u0259b\u0259l\u0259r\u0259 akademik xidm\u0259t v\u0259 m\u0259zunlarla i\u015f \u015f\u00f6b\u0259si filiala q\u0259bul olunmu\u015f t\u0259l\u0259b\u0259l\u0259rin qeydiyyat\u0131n\u0131 apar\u0131r, \u00a0t\u0259hsil alan t\u0259l\u0259b\u0259l\u0259rl\u0259 ba\u011fl\u0131 s\u0259n\u0259dl\u0259\u015fm\u0259 i\u015fl\u0259rinin apar\u0131lmas\u0131n\u0131 t\u0259\u015fkil edir, ixtisaslar \u00fczr\u0259 t\u0259dris-metodiki s\u0259n\u0259dl\u0259rin t\u0259rtib edilm\u0259sin\u0259 v\u0259 saxlanmas\u0131na n\u0259zar\u0259t edir, filialda internatura v\u0259 pedaqoji t\u0259cr\u00fcb\u0259ni t\u0259\u015fkil edir, filial\u0131 bitirmi\u015f m\u0259zunlara diplomlar\u0131n v\u0259 onlar\u0131n \u0259lav\u0259l\u0259rinin verilm\u0259si, qeydiyyat\u0131, saxlanmas\u0131 v\u0259 u\u00e7otunun apar\u0131lmas\u0131 i\u015fl\u0259rin\u0259 r\u0259hb\u0259rlik edir, m\u0259zunlar\u0131n i\u015fl\u0259 t\u0259min olunmas\u0131 m\u0259s\u0259l\u0259l\u0259rin\u0259 n\u0259zar\u0259t edir. \u00a0<\/span>[\/vc_column_text][vc_column_text]<span style=\"color: #000000;\">T\u0259l\u0259b\u0259l\u0259r\u0259 akademik xidm\u0259t v\u0259 m\u0259zunlarla i\u015f \u015f\u00f6b\u0259si filiala q\u0259bul olunmu\u015f t\u0259l\u0259b\u0259l\u0259rin qeydiyyat\u0131n\u0131 apar\u0131r, \u00a0t\u0259hsil alan t\u0259l\u0259b\u0259l\u0259rl\u0259 ba\u011fl\u0131 s\u0259n\u0259dl\u0259\u015fm\u0259 i\u015fl\u0259rinin apar\u0131lmas\u0131n\u0131 t\u0259\u015fkil edir, ixtisaslar \u00fczr\u0259 t\u0259dris-metodiki s\u0259n\u0259dl\u0259rin t\u0259rtib edilm\u0259sin\u0259 v\u0259 saxlanmas\u0131na n\u0259zar\u0259t edir, filialda internatura v\u0259 pedaqoji t\u0259cr\u00fcb\u0259ni t\u0259\u015fkil edir, filial\u0131 bitirmi\u015f m\u0259zunlara diplomlar\u0131n v\u0259 onlar\u0131n \u0259lav\u0259l\u0259rinin verilm\u0259si, qeydiyyat\u0131, saxlanmas\u0131 v\u0259 u\u00e7otunun apar\u0131lmas\u0131 i\u015fl\u0259rin\u0259 r\u0259hb\u0259rlik edir, m\u0259zunlar\u0131n i\u015fl\u0259 t\u0259min olunmas\u0131 m\u0259s\u0259l\u0259l\u0259rin\u0259 n\u0259zar\u0259t edir. \u00a0<\/span>[\/vc_column_text][vc_empty_space]<div  class=\"themesion-element themesion-element-team thsn-element-team-style-1 themesion-element-viewtype-row-column thsn-sortable-no\" data-show=\"-1\" data-columns=\"3\" data-loop=\"false\" data-autoplay=\"false\" data-center=\"false\" data-nav=\"false\" data-dots=\"false\" data-autoplayspeed=\"1000\" data-margin=\"\"><div class=\"themesion-element-inner\"><\/div><!-- .themesion-element-inner -->   <\/div><!-- .themesion-element -->  [\/vc_column][\/vc_row]<\/p>\n","protected":false},"excerpt":{"rendered":"<p>[vc_row][vc_column][vc_column_text]T\u0259l\u0259b\u0259l\u0259r\u0259 akademik xidm\u0259t v\u0259 m\u0259zunlarla i\u015f \u015f\u00f6b\u0259si filiala q\u0259bul olunmu\u015f t\u0259l\u0259b\u0259l\u0259rin qeydiyyat\u0131n\u0131 apar\u0131r, \u00a0t\u0259hsil alan t\u0259l\u0259b\u0259l\u0259rl\u0259 ba\u011fl\u0131 s\u0259n\u0259dl\u0259\u015fm\u0259 i\u015fl\u0259rinin apar\u0131lmas\u0131n\u0131 t\u0259\u015fkil edir, ixtisaslar \u00fczr\u0259 t\u0259dris-metodiki s\u0259n\u0259dl\u0259rin t\u0259rtib edilm\u0259sin\u0259 v\u0259 saxlanmas\u0131na n\u0259zar\u0259t edir, filialda internatura v\u0259 pedaqoji t\u0259cr\u00fcb\u0259ni t\u0259\u015fkil edir, filial\u0131 bitirmi\u015f m\u0259zunlara diplomlar\u0131n v\u0259 onlar\u0131n \u0259lav\u0259l\u0259rinin verilm\u0259si, qeydiyyat\u0131, saxlanmas\u0131 v\u0259 u\u00e7otunun apar\u0131lmas\u0131 i\u015fl\u0259rin\u0259 r\u0259hb\u0259rlik edir, [&hellip;]<\/p>\n","protected":false},"author":1,"featured_media":0,"parent":0,"menu_order":0,"comment_status":"closed","ping_status":"closed","template":"","meta":{"_acf_changed":false,"footnotes":""},"class_list":["post-13136","page","type-page","status-publish","hentry"],"acf":[],"_links":{"self":[{"href":"https:\/\/adpuagcabedi.edu.az\/index.php?rest_route=\/wp\/v2\/pages\/13136","targetHints":{"allow":["GET"]}}],"collection":[{"href":"https:\/\/adpuagcabedi.edu.az\/index.php?rest_route=\/wp\/v2\/pages"}],"about":[{"href":"https:\/\/adpuagcabedi.edu.az\/index.php?rest_route=\/wp\/v2\/types\/page"}],"author":[{"embeddable":true,"href":"https:\/\/adpuagcabedi.edu.az\/index.php?rest_route=\/wp\/v2\/users\/1"}],"replies":[{"embeddable":true,"href":"https:\/\/adpuagcabedi.edu.az\/index.php?rest_route=%2Fwp%2Fv2%2Fcomments&post=13136"}],"version-history":[{"count":8,"href":"https:\/\/adpuagcabedi.edu.az\/index.php?rest_route=\/wp\/v2\/pages\/13136\/revisions"}],"predecessor-version":[{"id":17546,"href":"https:\/\/adpuagcabedi.edu.az\/index.php?rest_route=\/wp\/v2\/pages\/13136\/revisions\/17546"}],"wp:attachment":[{"href":"https:\/\/adpuagcabedi.edu.az\/index.php?rest_route=%2Fwp%2Fv2%2Fmedia&parent=13136"}],"curies":[{"name":"wp","href":"https:\/\/api.w.org\/{rel}","templated":true}]}}