{"id":13129,"date":"2023-01-18T16:27:23","date_gmt":"2023-01-18T12:27:23","guid":{"rendered":"https:\/\/adpuagcabedi.edu.az\/?page_id=13129"},"modified":"2023-07-11T12:56:42","modified_gmt":"2023-07-11T08:56:42","slug":"t%c9%99drisin-idar%c9%99-olunmasi-sob%c9%99si","status":"publish","type":"page","link":"https:\/\/adpuagcabedi.edu.az\/?page_id=13129","title":{"rendered":"T\u0259drisin idar\u0259 olunmas\u0131 \u015f\u00f6b\u0259si"},"content":{"rendered":"<p>[vc_row][vc_column][vc_empty_space][vc_column_text]<span style=\"color: #000000;\">T\u0259drisin idar\u0259 olunmas\u0131 \u015f\u00f6b\u0259si filial\u0131n fak\u00fclt\u0259 v\u0259 kafedralar\u0131nda t\u0259dris i\u015fl\u0259rini t\u0259\u015fkil edir, t\u0259dris y\u00fckl\u0259rin\u0259 dair tap\u015f\u0131r\u0131qlar\u0131 fak\u00fclt\u0259l\u0259r\u0259 \u00e7atd\u0131r\u0131r, t\u0259drisl\u0259 ba\u011fl\u0131 b\u00fct\u00fcn statistik m\u0259lumatlar\u0131 haz\u0131rlay\u0131r, t\u0259l\u0259b\u0259l\u0259rin t\u0259dris plan\u0131na uy\u011fun d\u0259rsl\u0259rinin ke\u00e7irilm\u0259sini t\u0259\u015fkil edir, t\u0259l\u0259b\u0259l\u0259rin biliyinin cari v\u0259 aral\u0131q qiym\u0259tl\u0259ndirilm\u0259sin\u0259, akademik borclar\u0131n l\u0259\u011fvin\u0259, t\u0259l\u0259b\u0259 v\u0259 professor-m\u00fc\u0259llim hey\u0259tinin d\u0259rsl\u0259r\u0259 davamiyy\u0259tin\u0259 n\u0259zar\u0259t edir.<\/span><\/p>\n<p><strong><span style=\"color: #000000;\">\u015e\u00f6b\u0259d\u0259 5 \u0259m\u0259kda\u015f f\u0259aliyy\u0259t g\u00f6st\u0259rir.<\/span><\/strong><\/p>\n<p><span style=\"color: #000000;\">T\u0259drisin idar\u0259 olunmas\u0131 \u015f\u00f6b\u0259si \u0259sas korpusda 207-ci otaqda yerl\u0259\u015fir<\/span>[\/vc_column_text]<div  class=\"themesion-element themesion-element-team thsn-element-team-style-1 themesion-element-viewtype-row-column thsn-sortable-no\" data-show=\"-1\" data-columns=\"3\" data-loop=\"false\" data-autoplay=\"false\" data-center=\"false\" data-nav=\"false\" data-dots=\"false\" data-autoplayspeed=\"1000\" data-margin=\"\"><div class=\"themesion-element-inner\"><\/div><!-- .themesion-element-inner -->   <\/div><!-- .themesion-element -->  [\/vc_column][\/vc_row]<\/p>\n","protected":false},"excerpt":{"rendered":"<p>[vc_row][vc_column][vc_empty_space][vc_column_text]T\u0259drisin idar\u0259 olunmas\u0131 \u015f\u00f6b\u0259si filial\u0131n fak\u00fclt\u0259 v\u0259 kafedralar\u0131nda t\u0259dris i\u015fl\u0259rini t\u0259\u015fkil edir, t\u0259dris y\u00fckl\u0259rin\u0259 dair tap\u015f\u0131r\u0131qlar\u0131 fak\u00fclt\u0259l\u0259r\u0259 \u00e7atd\u0131r\u0131r, t\u0259drisl\u0259 ba\u011fl\u0131 b\u00fct\u00fcn statistik m\u0259lumatlar\u0131 haz\u0131rlay\u0131r, t\u0259l\u0259b\u0259l\u0259rin t\u0259dris plan\u0131na uy\u011fun d\u0259rsl\u0259rinin ke\u00e7irilm\u0259sini t\u0259\u015fkil edir, t\u0259l\u0259b\u0259l\u0259rin biliyinin cari v\u0259 aral\u0131q qiym\u0259tl\u0259ndirilm\u0259sin\u0259, akademik borclar\u0131n l\u0259\u011fvin\u0259, t\u0259l\u0259b\u0259 v\u0259 professor-m\u00fc\u0259llim hey\u0259tinin d\u0259rsl\u0259r\u0259 davamiyy\u0259tin\u0259 n\u0259zar\u0259t edir. \u015e\u00f6b\u0259d\u0259 5 \u0259m\u0259kda\u015f f\u0259aliyy\u0259t g\u00f6st\u0259rir. T\u0259drisin [&hellip;]<\/p>\n","protected":false},"author":1,"featured_media":0,"parent":0,"menu_order":0,"comment_status":"closed","ping_status":"closed","template":"","meta":{"_acf_changed":false,"footnotes":""},"class_list":["post-13129","page","type-page","status-publish","hentry"],"acf":[],"_links":{"self":[{"href":"https:\/\/adpuagcabedi.edu.az\/index.php?rest_route=\/wp\/v2\/pages\/13129","targetHints":{"allow":["GET"]}}],"collection":[{"href":"https:\/\/adpuagcabedi.edu.az\/index.php?rest_route=\/wp\/v2\/pages"}],"about":[{"href":"https:\/\/adpuagcabedi.edu.az\/index.php?rest_route=\/wp\/v2\/types\/page"}],"author":[{"embeddable":true,"href":"https:\/\/adpuagcabedi.edu.az\/index.php?rest_route=\/wp\/v2\/users\/1"}],"replies":[{"embeddable":true,"href":"https:\/\/adpuagcabedi.edu.az\/index.php?rest_route=%2Fwp%2Fv2%2Fcomments&post=13129"}],"version-history":[{"count":4,"href":"https:\/\/adpuagcabedi.edu.az\/index.php?rest_route=\/wp\/v2\/pages\/13129\/revisions"}],"predecessor-version":[{"id":13388,"href":"https:\/\/adpuagcabedi.edu.az\/index.php?rest_route=\/wp\/v2\/pages\/13129\/revisions\/13388"}],"wp:attachment":[{"href":"https:\/\/adpuagcabedi.edu.az\/index.php?rest_route=%2Fwp%2Fv2%2Fmedia&parent=13129"}],"curies":[{"name":"wp","href":"https:\/\/api.w.org\/{rel}","templated":true}]}}