{"id":12997,"date":"2022-12-20T15:09:25","date_gmt":"2022-12-20T11:09:25","guid":{"rendered":"https:\/\/adpuagcabedi.edu.az\/?page_id=12997"},"modified":"2023-07-11T12:07:41","modified_gmt":"2023-07-11T08:07:41","slug":"bakalavriat","status":"publish","type":"page","link":"https:\/\/adpuagcabedi.edu.az\/?page_id=12997","title":{"rendered":"Bakalavriat"},"content":{"rendered":"<p>[vc_row][vc_column][vc_column_text css=&#8221;.vc_custom_1689062866724{margin-top: 32px !important;margin-bottom: 32px !important;}&#8221;]<span style=\"color: #000000;\">Bakalavr haz\u0131rl\u0131\u011f\u0131 ali t\u0259hsilin birinci s\u0259viyy\u0259sidir v\u0259 Az\u0259rbaycan Respub\u00adlika\u00ads\u0131\u00adn\u0131n Nazirl\u0259r Kabineti t\u0259r\u0259find\u0259n t\u0259sdiq edilmi\u015f bakalavr ixtisaslar\u0131n\u0131n (proq\u00adram\u00adla\u00adr\u0131n\u0131n) t\u0259snifat\u0131na uy\u011fun m\u00fcvafiq ixtisaslar \u00fczr\u0259 geni\u015f profilli m\u00fct\u0259x\u0259ssis ha\u00adz\u0131r\u00adl\u0131\u00ad\u011f\u0131\u00adn\u0131n h\u0259yata ke\u00e7irilm\u0259sini t\u0259min edir.\u00a0Bakalavriat s\u0259viyy\u0259sind\u0259 t\u0259drisin t\u0259\u015fkili ali t\u0259hsil pill\u0259sinin d\u00f6vl\u0259t standart\u0131n\u0131n t\u0259\u00adl\u0259b\u00adl\u0259rin\u0259 uy\u011fun Az\u0259rbaycan Respublikas\u0131n\u0131n Elm v\u0259 T\u0259hsil Nazirliyi t\u0259r\u0259find\u0259n t\u0259sdiq edil\u00ad\u00admi\u015f qaydalar \u0259sas\u0131nda kredit sistemi il\u0259 h\u0259yata ke\u00e7irilir. Bakalavriat\u0131 bitir\u0259n m\u0259zunlara \u201cBakalavr\u201d ali pe\u015f\u0259-ixtisas d\u0259r\u0259c\u0259si verilir.<\/span><\/p>\n<p><span style=\"color: #000000;\">Az\u0259rbaycan D\u00f6vl\u0259t Pedaqoji Universitetinin A\u011fcab\u0259di filial\u0131nda bakalavriat s\u0259viyy\u0259sind\u0259 a\u015fa\u011f\u0131dak\u0131 ixtisaslar \u00fczr\u0259 kadr haz\u0131rl\u0131\u011f\u0131 h\u0259yata ke\u00e7irilir:<\/span><\/p>\n<p><span style=\"color: #000000;\">\u00a0\u00a0\u00a0\u00a0\u00a0\u00a0\u00a0\u00a0\u00a0\u00a0\u00a0 <strong>I qrup \u00fczr\u0259<\/strong><\/span><\/p>\n<p><span style=\"color: #000000;\">050105 &#8211; Fizika m\u00fc\u0259llimliyi<\/span><\/p>\n<p><span style=\"color: #000000;\">050114 &#8211; Riyaziyyat m\u00fc\u0259llimliyi<\/span><\/p>\n<p><span style=\"color: #000000;\">050115 &#8211; Riyaziyyat v\u0259 informatika m\u00fc\u0259llimliyi<\/span><\/p>\n<p><span style=\"color: #000000;\"><strong>\u00a0 \u00a0 \u00a0 \u00a0 \u00a0 \u00a0 \u00a0 III qrup \u00fczr\u0259<\/strong><\/span><\/p>\n<p><span style=\"color: #000000;\">050101 &#8211; Az\u0259rbaycan dili v\u0259 \u0259d\u0259biyyat\u0131 m\u00fc\u0259llimliyi<\/span><\/p>\n<p><span style=\"color: #000000;\">050107 &#8211; \u0130btidai sinif m\u00fc\u0259llimliyi<\/span><\/p>\n<p><span style=\"color: #000000;\">050112 &#8211; M\u0259kt\u0259b\u0259q\u0259d\u0259r t\u0259hsil<\/span><\/p>\n<p><span style=\"color: #000000;\">050116 &#8211; Tarix m\u00fc\u0259llimliyi<\/span><\/p>\n<p><span style=\"color: #000000;\">050118 &#8211; T\u0259hsild\u0259 sosial-psixoloji xidm\u0259t<\/span><\/p>\n<p><span style=\"color: #000000;\">050121 &#8211; Xarici dili m\u00fc\u0259llimliyi (ingilis dili \u00fczr\u0259)<\/span><\/p>\n<p><span style=\"color: #000000;\">050807 &#8211; Sosial i\u015f<\/span>[\/vc_column_text][\/vc_column][\/vc_row]<\/p>\n","protected":false},"excerpt":{"rendered":"<p>[vc_row][vc_column][vc_column_text css=&#8221;.vc_custom_1689062866724{margin-top: 32px !important;margin-bottom: 32px !important;}&#8221;]Bakalavr haz\u0131rl\u0131\u011f\u0131 ali t\u0259hsilin birinci s\u0259viyy\u0259sidir v\u0259 Az\u0259rbaycan Respub\u00adlika\u00ads\u0131\u00adn\u0131n Nazirl\u0259r Kabineti t\u0259r\u0259find\u0259n t\u0259sdiq edilmi\u015f bakalavr ixtisaslar\u0131n\u0131n (proq\u00adram\u00adla\u00adr\u0131n\u0131n) t\u0259snifat\u0131na uy\u011fun m\u00fcvafiq ixtisaslar \u00fczr\u0259 geni\u015f profilli m\u00fct\u0259x\u0259ssis ha\u00adz\u0131r\u00adl\u0131\u00ad\u011f\u0131\u00adn\u0131n h\u0259yata ke\u00e7irilm\u0259sini t\u0259min edir.\u00a0Bakalavriat s\u0259viyy\u0259sind\u0259 t\u0259drisin t\u0259\u015fkili ali t\u0259hsil pill\u0259sinin d\u00f6vl\u0259t standart\u0131n\u0131n t\u0259\u00adl\u0259b\u00adl\u0259rin\u0259 uy\u011fun Az\u0259rbaycan Respublikas\u0131n\u0131n Elm v\u0259 T\u0259hsil Nazirliyi t\u0259r\u0259find\u0259n t\u0259sdiq edil\u00ad\u00admi\u015f qaydalar [&hellip;]<\/p>\n","protected":false},"author":1,"featured_media":0,"parent":0,"menu_order":0,"comment_status":"closed","ping_status":"closed","template":"","meta":{"_acf_changed":false,"footnotes":""},"class_list":["post-12997","page","type-page","status-publish","hentry"],"acf":[],"_links":{"self":[{"href":"https:\/\/adpuagcabedi.edu.az\/index.php?rest_route=\/wp\/v2\/pages\/12997","targetHints":{"allow":["GET"]}}],"collection":[{"href":"https:\/\/adpuagcabedi.edu.az\/index.php?rest_route=\/wp\/v2\/pages"}],"about":[{"href":"https:\/\/adpuagcabedi.edu.az\/index.php?rest_route=\/wp\/v2\/types\/page"}],"author":[{"embeddable":true,"href":"https:\/\/adpuagcabedi.edu.az\/index.php?rest_route=\/wp\/v2\/users\/1"}],"replies":[{"embeddable":true,"href":"https:\/\/adpuagcabedi.edu.az\/index.php?rest_route=%2Fwp%2Fv2%2Fcomments&post=12997"}],"version-history":[{"count":3,"href":"https:\/\/adpuagcabedi.edu.az\/index.php?rest_route=\/wp\/v2\/pages\/12997\/revisions"}],"predecessor-version":[{"id":13376,"href":"https:\/\/adpuagcabedi.edu.az\/index.php?rest_route=\/wp\/v2\/pages\/12997\/revisions\/13376"}],"wp:attachment":[{"href":"https:\/\/adpuagcabedi.edu.az\/index.php?rest_route=%2Fwp%2Fv2%2Fmedia&parent=12997"}],"curies":[{"name":"wp","href":"https:\/\/api.w.org\/{rel}","templated":true}]}}