{"id":12979,"date":"2022-12-20T14:16:26","date_gmt":"2022-12-20T10:16:26","guid":{"rendered":"https:\/\/adpuagcabedi.edu.az\/?page_id=12979"},"modified":"2023-11-01T14:50:03","modified_gmt":"2023-11-01T10:50:03","slug":"fakult%c9%99","status":"publish","type":"page","link":"https:\/\/adpuagcabedi.edu.az\/?page_id=12979","title":{"rendered":"Fak\u00fclt\u0259"},"content":{"rendered":"<p>[vc_row][vc_column][vc_empty_space][vc_column_text]<span style=\"color: #000000;\"><strong>\u00a0<\/strong><\/span><\/p>\n<p><span style=\"color: #000000;\">\u00a0\u00a0\u00a0\u00a0\u00a0\u00a0\u00a0 Az\u0259rbaycan D\u00f6vl\u0259t Pedaqoji Universitetinin A\u011fcab\u0259di filial\u0131n\u0131n Pedaqoji fak\u00fclt\u0259si Az\u0259rbaycan Respublikas\u0131 T\u0259hsil Nazirinin 10 noyabr 1997-ci il tarixli 793 sayl\u0131 \u0259mri il\u0259 t\u0259sdiq edilmi\u015f \u201cAli t\u0259hsil m\u00fc\u0259ssis\u0259l\u0259rinin fak\u00fclt\u0259si haqq\u0131nda \u018fsasnam\u0259\u201dy\u0259 uy\u011fun olaraq yarad\u0131lm\u0131\u015fd\u0131r.<\/span><\/p>\n<p><span style=\"color: #000000;\">\u00a0\u00a0\u00a0\u00a0\u00a0\u00a0 \u00a0\u00a0 Pedaqoji fak\u00fclt\u0259 Az\u0259rbaycan D\u00f6vl\u0259t Pedaqoji Universetinin A\u011fcab\u0259di filial\u0131n\u0131n t\u0259dris, elm v\u0259 inzibati b\u00f6lm\u0259si olub, eyni sah\u0259 v\u0259 istiqam\u0259t daxilind\u0259ki ixtisas \u00fczr\u0259 bakalavr haz\u0131rl\u0131\u011f\u0131n\u0131 h\u0259yata ke\u00e7irir, el\u0259c\u0259 d\u0259 elmi-t\u0259dqiqat v\u0259 t\u0259rbiy\u0259 i\u015fl\u0259rin\u0259 r\u0259hb\u0259rlik edir.<\/span><\/p>\n<p><span style=\"color: #000000;\">\u00a0\u00a0\u00a0 \u00a0\u00a0\u00a0\u00a0\u00a0 Pedaqoji fak\u00fclt\u0259d\u0259 \u201cAz\u0259rbaycan dili v\u0259 \u0259d\u0259biyyat\u0131 m\u00fc\u0259llimliyi\u201d, \u201cTarix m\u00fc\u0259llimliyi\u201d, \u201cXarici dili m\u00fc\u0259llimliyi\u201d (ingilis dili \u00fczr\u0259), \u201cT\u0259hsild\u0259 sosial-psixoloji xidm\u0259t\u201d, \u201cRiyaziyyat v\u0259 informatika m\u00fc\u0259llimliyi\u201d, \u201c\u0130btidai sinif m\u00fc\u0259llimliyi\u201d, \u201cFizika m\u00fc\u0259llimliyi\u201d, \u201cRiyaziyyat m\u00fc\u0259llimliyi\u201d, \u201cM\u0259kt\u0259b\u0259q\u0259d\u0259r t\u0259hsil\u201d \u201cTarix v\u0259 co\u011frafiya m\u00fc\u0259llimliyi\u201d \u201cSosial i\u015f\u201d ixtisaslar\u0131 \u00fczr\u0259 kadr haz\u0131rl\u0131\u011f\u0131 h\u0259yata ke\u00e7irilir.<\/span><\/p>\n<p><span style=\"color: #000000;\">2019-ci ild\u0259n fak\u00fclt\u0259y\u0259\u00a0b\/m. B\u0259d\u0259lov X\u0259yyam \u018fli o\u011flu r\u0259hb\u0259rlik edir.<\/span><\/p>\n<p><span style=\"color: #000000;\">Fak\u00fclt\u0259d\u0259 Elmi \u015eura (b\/m. B\u0259d\u0259lov X\u0259yyam \u018fli o\u011flu), T\u0259l\u0259b\u0259 Elmi C\u0259miyy\u0259ti (Quliyev S\u0259buhi Vaqif o\u011flu), T\u0259l\u0259b\u0259 G\u0259ncl\u0259r T\u0259\u015fkilat\u0131 (Zeynalova M\u0259din\u0259 Calal q\u0131z\u0131), T\u0259l\u0259b\u0259 H\u0259mkarlar T\u0259\u015fkilat\u0131\u00a0 (\u018flizad\u0259 Elqay\u0131d Bakir o\u011flu)\u00a0f\u0259aliyy\u0259t g\u00f6st\u0259rir.\u00a0<\/span>[\/vc_column_text][vc_empty_space][\/vc_column][\/vc_row]<\/p>\n","protected":false},"excerpt":{"rendered":"<p>[vc_row][vc_column][vc_empty_space][vc_column_text]\u00a0 \u00a0\u00a0\u00a0\u00a0\u00a0\u00a0\u00a0 Az\u0259rbaycan D\u00f6vl\u0259t Pedaqoji Universitetinin A\u011fcab\u0259di filial\u0131n\u0131n Pedaqoji fak\u00fclt\u0259si Az\u0259rbaycan Respublikas\u0131 T\u0259hsil Nazirinin 10 noyabr 1997-ci il tarixli 793 sayl\u0131 \u0259mri il\u0259 t\u0259sdiq edilmi\u015f \u201cAli t\u0259hsil m\u00fc\u0259ssis\u0259l\u0259rinin fak\u00fclt\u0259si haqq\u0131nda \u018fsasnam\u0259\u201dy\u0259 uy\u011fun olaraq yarad\u0131lm\u0131\u015fd\u0131r. \u00a0\u00a0\u00a0\u00a0\u00a0\u00a0 \u00a0\u00a0 Pedaqoji fak\u00fclt\u0259 Az\u0259rbaycan D\u00f6vl\u0259t Pedaqoji Universetinin A\u011fcab\u0259di filial\u0131n\u0131n t\u0259dris, elm v\u0259 inzibati b\u00f6lm\u0259si olub, eyni sah\u0259 v\u0259 istiqam\u0259t daxilind\u0259ki [&hellip;]<\/p>\n","protected":false},"author":1,"featured_media":0,"parent":0,"menu_order":0,"comment_status":"closed","ping_status":"closed","template":"","meta":{"_acf_changed":false,"footnotes":""},"class_list":["post-12979","page","type-page","status-publish","hentry"],"acf":[],"_links":{"self":[{"href":"https:\/\/adpuagcabedi.edu.az\/index.php?rest_route=\/wp\/v2\/pages\/12979","targetHints":{"allow":["GET"]}}],"collection":[{"href":"https:\/\/adpuagcabedi.edu.az\/index.php?rest_route=\/wp\/v2\/pages"}],"about":[{"href":"https:\/\/adpuagcabedi.edu.az\/index.php?rest_route=\/wp\/v2\/types\/page"}],"author":[{"embeddable":true,"href":"https:\/\/adpuagcabedi.edu.az\/index.php?rest_route=\/wp\/v2\/users\/1"}],"replies":[{"embeddable":true,"href":"https:\/\/adpuagcabedi.edu.az\/index.php?rest_route=%2Fwp%2Fv2%2Fcomments&post=12979"}],"version-history":[{"count":6,"href":"https:\/\/adpuagcabedi.edu.az\/index.php?rest_route=\/wp\/v2\/pages\/12979\/revisions"}],"predecessor-version":[{"id":13630,"href":"https:\/\/adpuagcabedi.edu.az\/index.php?rest_route=\/wp\/v2\/pages\/12979\/revisions\/13630"}],"wp:attachment":[{"href":"https:\/\/adpuagcabedi.edu.az\/index.php?rest_route=%2Fwp%2Fv2%2Fmedia&parent=12979"}],"curies":[{"name":"wp","href":"https:\/\/api.w.org\/{rel}","templated":true}]}}